[INFO] cloning repository https://github.com/MrMcEpic/Rust-Calculator
[INFO] running `Command { std: "git" "-c" "credential.helper=" "-c" "credential.helper=/workspace/cargo-home/bin/git-credential-null" "clone" "--bare" "https://github.com/MrMcEpic/Rust-Calculator" "/workspace/cache/git-repos/https%3A%2F%2Fgithub.com%2FMrMcEpic%2FRust-Calculator", kill_on_drop: false }`
[INFO] [stderr] Cloning into bare repository '/workspace/cache/git-repos/https%3A%2F%2Fgithub.com%2FMrMcEpic%2FRust-Calculator'...
[INFO] running `Command { std: "git" "rev-parse" "HEAD", kill_on_drop: false }`
[INFO] [stdout] 418dda2458f78af41c7c067db677a6e7221ff2ef
[INFO] checking MrMcEpic/Rust-Calculator against master#af3c6e733a40e671550e0f0f5aeecaa13772ba56 for pr-74989
[INFO] running `Command { std: "git" "clone" "/workspace/cache/git-repos/https%3A%2F%2Fgithub.com%2FMrMcEpic%2FRust-Calculator" "/workspace/builds/worker-2/source", kill_on_drop: false }`
[INFO] [stderr] Cloning into '/workspace/builds/worker-2/source'...
[INFO] [stderr] done.
[INFO] validating manifest of git repo https://github.com/MrMcEpic/Rust-Calculator on toolchain af3c6e733a40e671550e0f0f5aeecaa13772ba56
[INFO] running `Command { std: "/workspace/cargo-home/bin/cargo" "+af3c6e733a40e671550e0f0f5aeecaa13772ba56" "read-manifest" "--manifest-path" "Cargo.toml", kill_on_drop: false }`
[INFO] started tweaking git repo https://github.com/MrMcEpic/Rust-Calculator
[INFO] removed path dependency lib from git repo https://github.com/MrMcEpic/Rust-Calculator
[INFO] finished tweaking git repo https://github.com/MrMcEpic/Rust-Calculator
[INFO] tweaked toml for git repo https://github.com/MrMcEpic/Rust-Calculator written to /workspace/builds/worker-2/source/Cargo.toml
[INFO] crate git repo https://github.com/MrMcEpic/Rust-Calculator already has a lockfile, it will not be regenerated
[INFO] running `Command { std: "/workspace/cargo-home/bin/cargo" "+af3c6e733a40e671550e0f0f5aeecaa13772ba56" "fetch" "--locked" "--manifest-path" "Cargo.toml", kill_on_drop: false }`
[INFO] [stderr] warning: dependency (lib) specified without providing a local path, Git repository, or version to use. This will be considered an error in future versions
[INFO] [stderr]     Updating crates.io index
[INFO] [stderr] error: the lock file /workspace/builds/worker-2/source/Cargo.lock needs to be updated but --locked was passed to prevent this
[INFO] [stderr] If you want to try to generate the lock file without accessing the network, use the --offline flag.
[INFO] the lockfile is outdated, regenerating it
[INFO] running `Command { std: "/workspace/cargo-home/bin/cargo" "+af3c6e733a40e671550e0f0f5aeecaa13772ba56" "generate-lockfile" "--manifest-path" "Cargo.toml" "-Zno-index-update", kill_on_drop: false }`
[INFO] running `Command { std: "/workspace/cargo-home/bin/cargo" "+af3c6e733a40e671550e0f0f5aeecaa13772ba56" "fetch" "--locked" "--manifest-path" "Cargo.toml", kill_on_drop: false }`
[INFO] [stderr] warning: dependency (lib) specified without providing a local path, Git repository, or version to use. This will be considered an error in future versions
[INFO] running `Command { std: "docker" "create" "-v" "/var/lib/crater-agent-workspace/builds/worker-2/target:/opt/rustwide/target:rw,Z" "-v" "/var/lib/crater-agent-workspace/builds/worker-2/source:/opt/rustwide/workdir:ro,Z" "-v" "/var/lib/crater-agent-workspace/cargo-home:/opt/rustwide/cargo-home:ro,Z" "-v" "/var/lib/crater-agent-workspace/rustup-home:/opt/rustwide/rustup-home:ro,Z" "-e" "SOURCE_DIR=/opt/rustwide/workdir" "-e" "CARGO_TARGET_DIR=/opt/rustwide/target" "-e" "CARGO_HOME=/opt/rustwide/cargo-home" "-e" "RUSTUP_HOME=/opt/rustwide/rustup-home" "-w" "/opt/rustwide/workdir" "-m" "1610612736" "--user" "0:0" "--network" "none" "rustops/crates-build-env@sha256:d92eaeed33fa75130ca1ee6c8a01d1ffb62bac859dfdfb3450e3e5d1c0146529" "/opt/rustwide/cargo-home/bin/cargo" "+af3c6e733a40e671550e0f0f5aeecaa13772ba56" "metadata" "--no-deps" "--format-version=1", kill_on_drop: false }`
[INFO] [stdout] d83d421932ace167443002eee74be53b4f29df0dd318779dd361d25510099d9f
[INFO] [stderr] WARNING: Your kernel does not support swap limit capabilities or the cgroup is not mounted. Memory limited without swap.
[INFO] running `Command { std: "docker" "start" "-a" "d83d421932ace167443002eee74be53b4f29df0dd318779dd361d25510099d9f", kill_on_drop: false }`
[INFO] running `Command { std: "docker" "inspect" "d83d421932ace167443002eee74be53b4f29df0dd318779dd361d25510099d9f", kill_on_drop: false }`
[INFO] running `Command { std: "docker" "rm" "-f" "d83d421932ace167443002eee74be53b4f29df0dd318779dd361d25510099d9f", kill_on_drop: false }`
[INFO] [stdout] d83d421932ace167443002eee74be53b4f29df0dd318779dd361d25510099d9f
[INFO] running `Command { std: "docker" "create" "-v" "/var/lib/crater-agent-workspace/builds/worker-2/target:/opt/rustwide/target:rw,Z" "-v" "/var/lib/crater-agent-workspace/builds/worker-2/source:/opt/rustwide/workdir:ro,Z" "-v" "/var/lib/crater-agent-workspace/cargo-home:/opt/rustwide/cargo-home:ro,Z" "-v" "/var/lib/crater-agent-workspace/rustup-home:/opt/rustwide/rustup-home:ro,Z" "-e" "SOURCE_DIR=/opt/rustwide/workdir" "-e" "CARGO_TARGET_DIR=/opt/rustwide/target" "-e" "CARGO_INCREMENTAL=0" "-e" "RUST_BACKTRACE=full" "-e" "RUSTFLAGS=--cap-lints=forbid" "-e" "CARGO_HOME=/opt/rustwide/cargo-home" "-e" "RUSTUP_HOME=/opt/rustwide/rustup-home" "-w" "/opt/rustwide/workdir" "-m" "1610612736" "--user" "0:0" "--network" "none" "rustops/crates-build-env@sha256:d92eaeed33fa75130ca1ee6c8a01d1ffb62bac859dfdfb3450e3e5d1c0146529" "/opt/rustwide/cargo-home/bin/cargo" "+af3c6e733a40e671550e0f0f5aeecaa13772ba56" "check" "--frozen" "--all" "--all-targets" "--message-format=json", kill_on_drop: false }`
[INFO] [stdout] 18372f37bb3bf03de426e34fd97a51d5cd554aba1945a81046980667cda39182
[INFO] [stderr] WARNING: Your kernel does not support swap limit capabilities or the cgroup is not mounted. Memory limited without swap.
[INFO] running `Command { std: "docker" "start" "-a" "18372f37bb3bf03de426e34fd97a51d5cd554aba1945a81046980667cda39182", kill_on_drop: false }`
[INFO] [stderr] warning: dependency (lib) specified without providing a local path, Git repository, or version to use. This will be considered an error in future versions
[INFO] [stderr]     Checking lib v0.0.2
[INFO] [stderr]     Checking calc v0.1.0 (/opt/rustwide/workdir)
[INFO] [stdout] error[E0433]: failed to resolve: use of undeclared type or module `process`
[INFO] [stdout]  --> src/main.rs:6:3
[INFO] [stdout]   |
[INFO] [stdout] 6 |         process::exit(1);
[INFO] [stdout]   |         ^^^^^^^ use of undeclared type or module `process`
[INFO] [stdout] 
[INFO] [stdout] 
[INFO] [stdout] error[E0433]: failed to resolve: use of undeclared type or module `process`
[INFO] [stdout]   --> src/main.rs:11:3
[INFO] [stdout]    |
[INFO] [stdout] 11 |         process::exit(1);
[INFO] [stdout]    |         ^^^^^^^ use of undeclared type or module `process`
[INFO] [stdout] 
[INFO] [stdout] 
[INFO] [stdout] error[E0433]: failed to resolve: use of undeclared type or module `process`
[INFO] [stdout]   --> src/main.rs:16:3
[INFO] [stdout]    |
[INFO] [stdout] 16 |         process::exit(1);
[INFO] [stdout]    |         ^^^^^^^ use of undeclared type or module `process`
[INFO] [stdout] 
[INFO] [stdout] 
[INFO] [stdout] error[E0433]: failed to resolve: use of undeclared type or module `env`
[INFO] [stdout]   --> src/main.rs:18:5
[INFO] [stdout]    |
[INFO] [stdout] 18 |     if env::var("debug").is_ok() {
[INFO] [stdout]    |        ^^^ use of undeclared type or module `env`
[INFO] [stdout] 
[INFO] [stdout] 
[INFO] [stdout] error[E0425]: cannot find function `get_input` in this scope
[INFO] [stdout]  --> src/main.rs:4:14
[INFO] [stdout]   |
[INFO] [stdout] 4 |     let input = get_input().unwrap_or_else(|err| {
[INFO] [stdout]   |                 ^^^^^^^^^ not found in this scope
[INFO] [stdout] 
[INFO] [stdout] 
[INFO] [stdout] error[E0425]: cannot find function `get_nums` in this scope
[INFO] [stdout]  --> src/main.rs:9:13
[INFO] [stdout]   |
[INFO] [stdout] 9 |     let data = get_nums(&input).unwrap_or_else(|err| {
[INFO] [stdout]   |                ^^^^^^^^ not found in this scope
[INFO] [stdout] 
[INFO] [stdout] 
[INFO] [stdout] error[E0425]: cannot find function `do_math` in this scope
[INFO] [stdout]   --> src/main.rs:14:14
[INFO] [stdout]    |
[INFO] [stdout] 14 |     let value = do_math(&data).unwrap_or_else(|err| {
[INFO] [stdout]    |                 ^^^^^^^ not found in this scope
[INFO] [stdout] 
[INFO] [stdout] 
[INFO] [stdout] warning: unused import: `lib::*`
[INFO] [stdout]  --> src/main.rs:1:5
[INFO] [stdout]   |
[INFO] [stdout] 1 | use lib::*;
[INFO] [stdout]   |     ^^^^^^
[INFO] [stdout]   |
[INFO] [stdout]   = note: `#[warn(unused_imports)]` on by default
[INFO] [stdout] 
[INFO] [stdout] 
[INFO] [stdout] error: aborting due to 7 previous errors; 1 warning emitted
[INFO] [stdout] 
[INFO] [stdout] 
[INFO] [stdout] Some errors have detailed explanations: E0425, E0433.
[INFO] [stdout] 
[INFO] [stdout] For more information about an error, try `rustc --explain E0425`.
[INFO] [stdout] 
[INFO] [stderr] error: could not compile `calc`.
[INFO] [stderr] 
[INFO] [stderr] To learn more, run the command again with --verbose.
[INFO] [stderr] warning: build failed, waiting for other jobs to finish...
[INFO] [stdout] error[E0433]: failed to resolve: use of undeclared type or module `process`
[INFO] [stdout]  --> src/main.rs:6:3
[INFO] [stdout]   |
[INFO] [stdout] 6 |         process::exit(1);
[INFO] [stdout]   |         ^^^^^^^ use of undeclared type or module `process`
[INFO] [stdout] 
[INFO] [stdout] 
[INFO] [stdout] error[E0433]: failed to resolve: use of undeclared type or module `process`
[INFO] [stdout]   --> src/main.rs:11:3
[INFO] [stdout]    |
[INFO] [stdout] 11 |         process::exit(1);
[INFO] [stdout]    |         ^^^^^^^ use of undeclared type or module `process`
[INFO] [stdout] 
[INFO] [stdout] 
[INFO] [stdout] error[E0433]: failed to resolve: use of undeclared type or module `process`
[INFO] [stdout]   --> src/main.rs:16:3
[INFO] [stdout]    |
[INFO] [stdout] 16 |         process::exit(1);
[INFO] [stdout]    |         ^^^^^^^ use of undeclared type or module `process`
[INFO] [stdout] 
[INFO] [stdout] 
[INFO] [stdout] error[E0433]: failed to resolve: use of undeclared type or module `env`
[INFO] [stdout]   --> src/main.rs:18:5
[INFO] [stdout]    |
[INFO] [stdout] 18 |     if env::var("debug").is_ok() {
[INFO] [stdout]    |        ^^^ use of undeclared type or module `env`
[INFO] [stdout] 
[INFO] [stdout] 
[INFO] [stdout] error[E0425]: cannot find function `get_input` in this scope
[INFO] [stdout]  --> src/main.rs:4:14
[INFO] [stdout]   |
[INFO] [stdout] 4 |     let input = get_input().unwrap_or_else(|err| {
[INFO] [stdout]   |                 ^^^^^^^^^ not found in this scope
[INFO] [stdout] 
[INFO] [stdout] 
[INFO] [stdout] error[E0425]: cannot find function `get_nums` in this scope
[INFO] [stdout]  --> src/main.rs:9:13
[INFO] [stdout]   |
[INFO] [stdout] 9 |     let data = get_nums(&input).unwrap_or_else(|err| {
[INFO] [stdout]   |                ^^^^^^^^ not found in this scope
[INFO] [stdout] 
[INFO] [stdout] 
[INFO] [stdout] error[E0425]: cannot find function `do_math` in this scope
[INFO] [stdout]   --> src/main.rs:14:14
[INFO] [stdout]    |
[INFO] [stdout] 14 |     let value = do_math(&data).unwrap_or_else(|err| {
[INFO] [stdout]    |                 ^^^^^^^ not found in this scope
[INFO] [stdout] 
[INFO] [stdout] 
[INFO] [stdout] warning: unused import: `lib::*`
[INFO] [stdout]  --> src/main.rs:1:5
[INFO] [stdout]   |
[INFO] [stdout] 1 | use lib::*;
[INFO] [stdout]   |     ^^^^^^
[INFO] [stdout]   |
[INFO] [stdout]   = note: `#[warn(unused_imports)]` on by default
[INFO] [stdout] 
[INFO] [stdout] 
[INFO] [stdout] error: aborting due to 7 previous errors; 1 warning emitted
[INFO] [stdout] 
[INFO] [stdout] 
[INFO] [stdout] Some errors have detailed explanations: E0425, E0433.
[INFO] [stdout] 
[INFO] [stdout] For more information about an error, try `rustc --explain E0425`.
[INFO] [stdout] 
[INFO] [stderr] error: build failed
[INFO] running `Command { std: "docker" "inspect" "18372f37bb3bf03de426e34fd97a51d5cd554aba1945a81046980667cda39182", kill_on_drop: false }`
[INFO] running `Command { std: "docker" "rm" "-f" "18372f37bb3bf03de426e34fd97a51d5cd554aba1945a81046980667cda39182", kill_on_drop: false }`
[INFO] [stdout] 18372f37bb3bf03de426e34fd97a51d5cd554aba1945a81046980667cda39182
